{"id":725,"date":"2019-01-30T15:10:29","date_gmt":"2019-01-30T14:10:29","guid":{"rendered":"http:\/\/www.liot-arteditions.com\/sharewood\/?post_type=product&#038;p=725"},"modified":"2024-04-03T15:54:33","modified_gmt":"2024-04-03T13:54:33","slug":"monami","status":"publish","type":"product","link":"https:\/\/www.sharewood.fr\/?product=monami","title":{"rendered":"Monami"},"content":{"rendered":"<p>Tabouret \/ chevet<br \/>\n28 x 28 x 42 cm<\/p>\n<p>Ch\u00eane massif vernis mat, t\u00eate peinte en option.<br \/>\nUtilisation Int\u00e9rieure<\/p>\n<p>Disponible en Iroko massif pour une utilisation en ext\u00e9rieur<\/p>\n","protected":false},"excerpt":{"rendered":"<p>Tabouret \/ chevet 28 x 28 x 42 cm Ch\u00eane massif vernis mat, t\u00eate peinte en option. Utilisation Int\u00e9rieure Disponible en Iroko massif pour une utilisation en ext\u00e9rieur<\/p>\n","protected":false},"featured_media":683,"template":"","meta":{"_acf_changed":false},"product_brand":[],"product_cat":[35],"product_tag":[],"class_list":{"0":"post-725","1":"product","2":"type-product","3":"status-publish","4":"has-post-thumbnail","6":"product_cat-chaises-et-fauteuils","7":"entry","8":"has-media","10":"first","11":"outofstock","12":"shipping-taxable","13":"purchasable","14":"product-type-simple","15":"col","16":"wpex-woo-entry","17":"span_1_of_3"},"acf":[],"_links":{"self":[{"href":"https:\/\/www.sharewood.fr\/index.php?rest_route=\/wp\/v2\/product\/725","targetHints":{"allow":["GET"]}}],"collection":[{"href":"https:\/\/www.sharewood.fr\/index.php?rest_route=\/wp\/v2\/product"}],"about":[{"href":"https:\/\/www.sharewood.fr\/index.php?rest_route=\/wp\/v2\/types\/product"}],"wp:featuredmedia":[{"embeddable":true,"href":"https:\/\/www.sharewood.fr\/index.php?rest_route=\/wp\/v2\/media\/683"}],"wp:attachment":[{"href":"https:\/\/www.sharewood.fr\/index.php?rest_route=%2Fwp%2Fv2%2Fmedia&parent=725"}],"wp:term":[{"taxonomy":"product_brand","embeddable":true,"href":"https:\/\/www.sharewood.fr\/index.php?rest_route=%2Fwp%2Fv2%2Fproduct_brand&post=725"},{"taxonomy":"product_cat","embeddable":true,"href":"https:\/\/www.sharewood.fr\/index.php?rest_route=%2Fwp%2Fv2%2Fproduct_cat&post=725"},{"taxonomy":"product_tag","embeddable":true,"href":"https:\/\/www.sharewood.fr\/index.php?rest_route=%2Fwp%2Fv2%2Fproduct_tag&post=725"}],"curies":[{"name":"wp","href":"https:\/\/api.w.org\/{rel}","templated":true}]}}