{"id":627,"date":"2019-01-23T16:30:47","date_gmt":"2019-01-23T15:30:47","guid":{"rendered":"http:\/\/www.liot-arteditions.com\/sharewood\/?post_type=product&#038;p=627"},"modified":"2026-03-25T12:12:38","modified_gmt":"2026-03-25T11:12:38","slug":"fairy-lounge-chair","status":"publish","type":"product","link":"https:\/\/www.sharewood.fr\/?product=fairy-lounge-chair","title":{"rendered":"Fairy Lounge"},"content":{"rendered":"<h4>Une Chaise longue int\u00e9rieur\/ext\u00e9rieur, simple et ultra confortable.<\/h4>\n<p>100 x 80 x 68 cm<\/p>\n<p>Ces chaises longues sont uniquement vendues sur ce site.<br \/>\nElles sont Int\u00e9gralement fabriqu\u00e9es en France en s\u00e9ries limit\u00e9es.<br \/>\nUn design \u00e9l\u00e9gant et une fabrication de haute qualit\u00e9 pour un meuble exclusif.<\/p>\n<p>Des toiles Sunbrella\u00ae, d\u00e9perlantes, anti-taches,<br \/>\ngaranties 5 ans en utilisation ext\u00e9rieure, qui s\u2019ins\u00e8rent sur la structure en un clin d\u2019\u0153il&#8230;<\/p>\n<p>Houssables et d\u00e9houssables en quelques secondes,<br \/>\npour des toiles toujours s\u00e8ches, propres, et pr\u00eates \u00e0 l&rsquo;utilisation.<\/p>\n<p>Les toiles sont r\u00e9alis\u00e9es \u00e0 la commande et demandent 2 semaines de d\u00e9lai.<\/p>\n","protected":false},"excerpt":{"rendered":"<p>Une Chaise longue int\u00e9rieur\/ext\u00e9rieur, simple et ultra confortable. 100 x 80 x 68 cm Ces chaises longues sont uniquement vendues sur ce site. Elles sont Int\u00e9gralement fabriqu\u00e9es en France en s\u00e9ries limit\u00e9es. Un design \u00e9l\u00e9gant et une fabrication de haute&hellip;<\/p>\n","protected":false},"featured_media":869,"template":"","meta":{"_acf_changed":false},"product_brand":[],"product_cat":[36],"product_tag":[],"class_list":{"0":"post-627","1":"product","2":"type-product","3":"status-publish","4":"has-post-thumbnail","6":"product_cat-fairy","7":"entry","8":"has-media","10":"first","11":"instock","12":"shipping-taxable","13":"purchasable","14":"product-type-simple","15":"col","16":"wpex-woo-entry","17":"span_1_of_3"},"acf":[],"_links":{"self":[{"href":"https:\/\/www.sharewood.fr\/index.php?rest_route=\/wp\/v2\/product\/627","targetHints":{"allow":["GET"]}}],"collection":[{"href":"https:\/\/www.sharewood.fr\/index.php?rest_route=\/wp\/v2\/product"}],"about":[{"href":"https:\/\/www.sharewood.fr\/index.php?rest_route=\/wp\/v2\/types\/product"}],"wp:featuredmedia":[{"embeddable":true,"href":"https:\/\/www.sharewood.fr\/index.php?rest_route=\/wp\/v2\/media\/869"}],"wp:attachment":[{"href":"https:\/\/www.sharewood.fr\/index.php?rest_route=%2Fwp%2Fv2%2Fmedia&parent=627"}],"wp:term":[{"taxonomy":"product_brand","embeddable":true,"href":"https:\/\/www.sharewood.fr\/index.php?rest_route=%2Fwp%2Fv2%2Fproduct_brand&post=627"},{"taxonomy":"product_cat","embeddable":true,"href":"https:\/\/www.sharewood.fr\/index.php?rest_route=%2Fwp%2Fv2%2Fproduct_cat&post=627"},{"taxonomy":"product_tag","embeddable":true,"href":"https:\/\/www.sharewood.fr\/index.php?rest_route=%2Fwp%2Fv2%2Fproduct_tag&post=627"}],"curies":[{"name":"wp","href":"https:\/\/api.w.org\/{rel}","templated":true}]}}